culate the greatest common divisor of 2499 and 51.
51
Calculate the highest common divisor of 160 and 352.
32
Calculate the greatest common divisor of 70 and 112.
14
What is the greatest common factor of 248 and 16?
8
Calculate the greatest common divisor of 11 and 473.
11
Calculate the highest common divisor of 108 and 8748.
108
Calculate the greatest common factor of 76 and 1767.
19
Calculate the greatest common factor of 48 and 80.
16
What is the greatest common divisor of 564 and 180?
12
What is the highest common divisor of 2108 and 340?
68
Calculate the highest common divisor of 31 and 2201.
31
Calculate the greatest common factor of 122 and 2989.
61
Calculate the highest common factor of 2301 and 117.
39
What is the greatest common divisor of 721 and 5459?
103
What is the greatest common divisor of 232 and 29?
29
What is the highest common divisor of 38 and 4788?
38
What is the greatest common divisor of 30 and 2118?
6
Calculate the highest common factor of 423 and 2021.
47
Calculate the greatest common factor of 1629 and 18.
9
Calculate the highest common divisor of 224 and 91.
7
What is the highest common divisor of 26 and 65?
13
Calculate the greatest common factor of 308 and 1288.
28
What is the highest common divisor of 218 and 327?
109
What is the highest common divisor of 2814 and 210?
42
What is the highest common factor of 36 and 11034?
18
Calculate the highest common divisor of 875 and 35.
35
Calculate the greatest common divisor of 60 and 564.
12
Calculate the greatest common factor of 100 and 580.
20
What is the highest common divisor of 5300 and 100?
100
Calculate the highest common factor of 23 and 5612.
23
What is the greatest common factor of 60 and 160?
20
Calculate the greatest common divisor of 40 and 370.
10
What is the greatest common factor of 80 and 110?
10
Calculate the greatest common factor of 175 and 7.
7
What is the highest common divisor of 11718 and 189?
189
What is the greatest common divisor of 18 and 3222?
18
What is the greatest common divisor of 5 and 215?
5
Calculate the greatest common factor of 168 and 48.
24
Calculate the greatest common divisor of 49 and 9457.
49
Calculate the highest common factor of 100 and 8875.
25
What is the highest common divisor of 42 and 203?
7
Calculate the highest common factor of 2 and 9.
1
What is the greatest common factor of 30 and 240?
30
What is the highest common divisor of 136 and 232?
8
Calculate the highest common divisor of 510 and 66.
6
What is the greatest common divisor of 84 and 72?
12
Calculate the highest common divisor of 708 and 84.
12
What is the highest common factor of 132 and 9?
3
What is the highest common factor of 352 and 106?
2
What is the highest common divisor of 256 and 16?
16
Calculate the greatest common divisor of 909 and 1313.
101
What is the greatest common factor of 111 and 1184?
37
What is the greatest common divisor of 14137 and 1477?
211
What is the highest common factor of 2 and 24?
2
What is the highest common factor of 141 and 282?
141
Calculate the greatest common divisor of 360 and 144.
72
What is the greatest common divisor of 84 and 64596?
84
Calculate the highest common factor of 18 and 32.
2
Calculate the greatest common divisor of 4716 and 36.
36
Calculate the highest common divisor of 16258 and 44.
22
Calculate the greatest common factor of 55 and 7.
1
Calculate the greatest common factor of 148 and 370.
74
Calculate the highest common factor of 4000 and 256.
32
Calculate the highest common divisor of 21306 and 938.
134
What is the highest common divisor of 121 and 2068?
11
Calculate the highest common divisor of 6227 and 13.
13
Calculate the greatest common factor of 17 and 782.
17
What is the greatest common factor of 2005 and 20?
5
Calculate the highest common divisor of 123112 and 44.
44
Calculate the highest common divisor of 416 and 13.
13
Calculate the greatest common factor of 3157 and 41.
41
Calculate the greatest common divisor of 30 and 2082.
6
What is the greatest common factor of 128 and 152?
8
Calculate the greatest common factor of 22 and 118.
2
What is the highest common factor of 374 and 1342?
22
Calculate the greatest common factor of 4 and 100.
4
Calculate the greatest common divisor of 727 and 1.
1
What is the greatest common factor of 127 and 2159?
127
What is the greatest common factor of 36 and 4068?
36
Calculate the highest common factor of 9 and 1944.
9
What is the highest common divisor of 414 and 92?
46
What is the highest common factor of 602 and 42?
14
Calculate the highest common factor of 1140 and 1805.
95
What is the greatest common divisor of 440 and 80?
40
What is the greatest common divisor of 400 and 450?
50
Calculate the highest common divisor of 23 and 13.
1
Calculate the highest common divisor of 14 and 21.
7
Calculate the highest common factor of 116 and 4.
4
What is the greatest common factor of 72 and 2277?
9
Calculate the greatest common divisor of 9948 and 72.
12
Calculate the greatest common factor of 71 and 5041.
71
Calculate the greatest common factor of 351 and 45.
9
Calculate the greatest common divisor of 522 and 63.
9
What is the highest common factor of 15 and 545?
5
Calculate the highest common divisor of 36 and 495.
9
What is the highest common factor of 5537 and 98?
49
What is the greatest common divisor of 403 and 65?
13
Calculate the highest common factor of 1975 and 75.
25
Calculate the highest common factor of 247 and 551.
19
Calculate the highest common factor of 153 and 4437.
153
Calculate the highest common divisor of 348 and 1972.
116
What is the highest common factor of 47 and 2?
1
What is the highest common factor of 20 and 70?
10
What is the greatest common factor of 11742 and 206?
206
Calculate the greatest common divisor of 187 and 44.
11
What is the greatest common factor of 480 and 288?
96
Calculate the greatest common factor of 1428 and 119.
119
What is the greatest common divisor of 14 and 16093?
7
Calculate the highest common factor of 1790 and 10.
10
What is the highest common factor of 3210 and 107?
107
What is the greatest common factor of 82 and 205?
41
Calculate the greatest common factor of 28 and 1162.
14
Calculate the highest common divisor of 9009 and 11.
11
Calculate the highest common divisor of 195 and 39.
39
What is the highest common divisor of 730 and 146?
146
Calculate the greatest common factor of 950 and 665.
95
Calculate the greatest common divisor of 75 and 24.
3
What is the greatest common divisor of 264 and 33?
33
What is the highest common divisor of 73 and 61977?
73
Calculate the greatest common factor of 55 and 143.
11
Calculate the highest common divisor of 42 and 12.
6
What is the greatest common factor of 10 and 80?
10
What is the greatest common factor of 42 and 1806?
42
Calculate the highest common factor of 21375 and 250.
125
What is the greatest common divisor of 1593 and 513?
27
Calculate the greatest common factor of 729 and 3483.
81
What is the greatest common divisor of 800 and 35?
5
What is the greatest common divisor of 468 and 5265?
117
Calculate the highest common divisor of 55 and 15.
5
Calculate the greatest common divisor of 48 and 552.
24
What is the highest common factor of 341 and 1111?
11
What is the greatest common factor of 48457 and 47?
47
Calculate the highest common factor of 119 and 187.
17
Calculate the highest common divisor of 13 and 5473.
13
What is the highest common divisor of 116 and 13891?
29
Calculate the highest common factor of 48 and 60432.
48
Calculate the highest common factor of 114 and 23066.
38
Calculate the highest common factor of 85 and 901.
17
Calculate the greatest common divisor of 1701 and 14.
7
Calculate the greatest common divisor of 2048 and 16.
16
Calculate the highest common divisor of 66 and 2486.
22
What is the greatest common divisor of 21 and 144?
3
Calculate the highest common factor of 95 and 8455.
95
What is the highest common factor of 29 and 26709?
29
Calculate the greatest common divisor of 30 and 7365.
15
What is the greatest common factor of 15 and 6745?
5
Calculate the greatest common factor of 4290 and 10.
10
Calculate the highest common factor of 635 and 5.
5
Calculate the greatest common factor of 55 and 1705.
55
What is the highest common divisor o